2)). Let w = -1813 - k. What is the units digit of w?
1
Suppose 78*l - 2067000 = 1852834 - 1046548. What is the thousands digit of l?
6
Let l(z) = -16 + 3*z + 0*z - 4*z - 2*z. Let c be l(-5). What is the units digit of (1 + c + -2)*-14?
8
Suppose 0 = l - 3*m + 3900 - 9501, -5*l - 4*m + 28081 = 0. What is the tens digit of l?
1
Let u = 12456 + 16782. What is the tens digit of u?
3
Let u be ((-1774)/(-6))/((143/(-11))/(-507)). Suppose 15*w - u = -3131. What is the tens digit of w?
6
Let h = 48 + -39. Suppose 193 + 104 = -h*d. Let z = -14 - d. What is the units digit of z?
9
What is the ten thousands digit of 2879868/119 + (3/7 - 0)?
2
Suppose 16*o - 1 = 95. What is the units digit of o/(-2)*(113 - 1)/(-7)?
8
Let g(c) = -27*c + 188. Suppose 3*o + 2*l + 40 = 3*l, 4*l = 3*o + 52. What is the hundreds digit of g(o)?
5
Let k = -13 - -35. Let c(o) = o**2 - 14*o + 39. What is the units digit of c(k)?
5
Suppose 24 = 3*l - 3*n - 18, 5*l - 46 = -n. Let i(d) = d**3 - 7*d**2 - 13*d + 15. What is the units digit of i(l)?
5
Let k(d) = -d**3 - 5*d**2 + 15*d + 12. Suppose -9*f + 6*f = 21. Let w be k(f). Suppose 0 = -w*h - 0*h + 805. What is the hundreds digit of h?
1
Let s be (-4716)/(-5) + (-7)/140*4. Suppose 5*f = -0*f - j + s, 4*f - 761 = -3*j. What is the tens digit of f?
8
Suppose 5*v = -0*v. Suppose 5*k + 1 = -t + 2, v = -4*t - 16. What is the tens digit of (k/(3/(-21)))/((-4)/28)?
4
Suppose -d - 18*f = -17*f + 663, -2*f + 1994 = -3*d. Let x = 537 - d. What is the hundreds digit of x?
2
Let y = 19374 - 10390. What is the thousands digit of y?
8
Let v(x) = -3*x - 4. Let r(s) = s**2 - 6*s - 2. Let w be r(6). Let d be v(w). What is the units digit of -3 + 3 + d - -93?
5
Let r(w) = 2*w**2 + 3*w + 21. Let l be (-21)/(5/(30/(-9))). Let t = l + -7. What is the hundreds digit of r(t)?
1
Suppose -63*w - 11568 = -48*w - 50028. What is the hundreds digit of w?
5
Let x(i) = i**2 - 19*i + 12. Let g be x(-24). Let w = 1634 - g. What is the units digit of w?
0
Suppose -3*l = x + 241, 3*x - 3*l = -262 - 521. Let n = 369 + x. Suppose 2*t = -9 + n. What is the units digit of t?
2
Suppose 4*b = 37 - 45, -w = -5*b - 12. Suppose 4*y - 752 = 2*v, w*y + 0*v - 4*v - 370 = 0. What is the tens digit of y?
8
Let n(i) = 16*i + 1. Suppose 9*z - 168 - 570 = 0. Let a = -72 + z. What is the tens digit of n(a)?
6
Let p = -14 - -20. Let w be (6/5)/(p/(-15)). What is the units digit of (w/(-2))/(14/812)?
7
Let t be (-11)/(-22) + (413/(-2) - -2). Let w = t + 208. What is the units digit of w?
4
Suppose -b - 3*f + 4284 = 0, -250*b - 5*f = -252*b + 8634. What is the hundreds digit of b?
3
Suppose 0 = d + 3*q - 57693 + 13545, 0 = 3*q + 3. What is the units digit of d?
1
Let o = 54 + -51. Suppose -2*d + 0*n = o*n + 114, 4*n - 46 = d. Let i = d - -59. What is the units digit of i?
5
Let i(r) = 31 + 0*r - r - r + 13*r. What is the hundreds digit of i(11)?
1
Suppose -l + 14 - 1 = 4*z, 2*z = 2*l - 26. Suppose 0 = -5*a + l*a - 1440. What is the hundreds digit of a?
1
Suppose -18*f - 5*l + 233260 = -13*f, -3*l = -4*f + 186629. What is the tens digit of f?
5
Let o(z) = 60*z - 1656. What is the units digit of o(111)?
4
Let b = -16009 + 38874. What is the ten thousands digit of b?
2
Suppose -2*u = 3*u - 15. Let a(j) = 42*j**3 - 16*j**u - 4*j**2 + 3*j - 16 - 25*j**3. What is the tens digit of a(6)?
7
Let b(x) = x**3 - 84*x**2 + 9*x - 235. What is the thousands digit of b(86)?
5
Suppose 0 = 10*v + 1 - 21. Suppose -1157 = -2*c - 7*s + v*s, 0 = -c + 5*s + 556. Suppose 2*d + 4*g = 6*g + 298, c = 4*d + g. What is the units digit of d?
4
Let d = 790 - 437. Suppose -5*t = w - d, 5*w - 2*t - 974 = 2*w. What is the tens digit of w?
2
Suppose x - 14*x - 455 = 0. What is the tens digit of x/35*-193*1?
9
Let z = -30 - -33. Let m(l) = l**2 - 2*l - 1. Let a be m(z). Suppose -a*w + 864 = 7*w. What is the tens digit of w?
9
Suppose -o = -2*v + 14, -3*o - 10 = 2*v + 2*o. Suppose -7*w + 4*w + v*x = -310, -w - 2*x + 85 = 0. What is the units digit of w?
5
What is the hundreds digit of -21077*2/(1*8)*2136/(-1246)?
0
Let k(f) = -6 + 15*f + 43*f - 5 + 4*f. What is the units digit of k(8)?
5
Suppose -5*w - 5*b + 22 = -2*b, w - b + 2 = 0. What is the units digit of ((-2904)/(-28))/1 + w/7?
4
Let u = 842 - 873. Let c(o) = -70*o - 355. What is the hundreds digit of c(u)?
8
Let o = 316 + -448. What is the units digit of (156/8)/(1*(-9)/o)?
6
What is the ten thousands digit of -9933*(544/24)/(-17)?
1
Let c = 24 + -29. What is the thousands digit of 9/c*(-672 + 27)?
1
Suppose -8*u + 13*u = -7*u + 68856. What is the units digit of u?
8
Suppose k + z = -1, -4*k + 3*k = -2*z + 13. Let t = 12 + k. Suppose 1328 = n + t*n. What is the tens digit of n?
6
Suppose -3*u = -x + 14, 52*u = 3*x + 49*u - 12. Suppose 4*o = 3*o - 2*q + 3, 0 = -5*o + q + 15. What is the tens digit of (-107)/(-4 + o - (-1 - x))?
0
Suppose -p + 75642 = 22*p - 9*p. What is the tens digit of p?
0
Let x(b) = 2*b + 35. Let c be x(-15). Suppose 0 = -54*h + 57*h - 315. Suppose c*f - h = 225. What is the tens digit of f?
6
Let f be ((-116)/5)/(1/(-20)). Let t = f - 294. Suppose 0 = 19*i - 14*i - t. What is the tens digit of i?
3
Suppose c + 20 = -4*t, 4*c - t + 5*t = -32. What is the hundreds digit of (-1298)/c + 66/(-132)?
3
Suppose 0 = -47*x - 35*x - 4*x + 697718. What is the units digit of x?
3
Suppose -12*v = -4*v - 24. Suppose 0 = -4*g + v*s + 97 + 989, 4*s = 3*g - 811. What is the tens digit of g?
7
Suppose 4*n - 1955 = -3*c + 274, -5*n + 2790 = 3*c. What is the units digit of n?
1
What is the hundreds digit of ((-217602)/(-44) - 5)*4?
7
Let m(s) = -180*s - 405. Suppose -3 = 4*g - 5*k, 4*k + 43 = -4*g + k. What is the units digit of m(g)?
5
Suppose 308*v + 8901 = 2*x + 307*v, -2*v = 3*x - 13341. What is the units digit of x?
9
Let s be -5 - 7*(6 + -8). Suppose -s*g = -5186 + 1190. What is the hundreds digit of g?
4
Let k = 196 + -193. What is the units digit of (179 + 0 - 0) + (-1 - k)?
5
What is the tens digit of 32/160 - (4 - 138178/10)?
1
Suppose -6*o - 4*g = -2*o + 516, o + 135 = 2*g. Let p = o + 175. What is the tens digit of p?
4
Let t(a) = 2*a**2 - 6*a - 24. Let h be t(-3). Suppose 5*w = w - h, 4*w + 1088 = 2*o. What is the hundreds digit of o?
5
Let b(i) = i + 20. Let r be b(-8). Let n be 1/(r/(-28) - (-6)/63). What is the units digit of ((-1)/((-15)/(-66)))/(n/75)?
0
Let d = -15869 + 15944. What is the units digit of d?
5
Let i(j) = j + 11. Let w be i(-6). Let l(a) = 7 + 6*a + a**2 + 4*a - 6*a + 4*a. What is the units digit of l(w)?
2
Suppose -182*l + 124*l + 100*l = 1350930. What is the tens digit of l?
6
Let f(n) = 16*n - 45 + 25 + 218*n + 25. What is the units digit of f(1)?
9
Let f(x) = x**3 - 145*x**2 - 204*x + 14. What is the tens digit of f(148)?
3
What is the tens digit of 1300/975*(161586/4 - 0 - 0)?
6
Suppose -163 = -8*v + 317. Suppose 0 = 2*l + q - 24, -4*l = -9*l + q + v. What is the tens digit of l?
1
Let c be (-10)/5*5/(-2). Suppose -684 = -3*i - 2*n, i - c*n - 437 = -i. What is the tens digit of i?
2
Let j be (4 + -12)/((-4)/2). Suppose -2*v - j*o + 1754 = 0, 9 = -5*o + 14. What is the tens digit of v?
7
Let h(c) = -938*c + 961. What is the thousands digit of h(-13)?
3
Suppose -2*w = -b + 24, w = -0*b - 4*b - 3. Let r = w + -15. What is the units digit of (871/r)/(1/(-2))?
7
Let n(q) = 3*q**3 - 4*q**2 - 3*q - 6. Let g be n(6). Let s = -38 + 43. Suppose 5*j = 3*k + 2*k + g, s*k + 96 = j. What is the units digit of j?
6
Let r(f) = -f + 49. Let b be r(-7). Suppose -5*h = -4*h - 5*a + 10, 0 = 4*h + 4*a - b. What is the tens digit of h?
1
Let q = 405 - 405. What is the hundreds digit of (3/12 - q) + (-28951)/(-68)?
4
Let z = -5 - -5. Suppose z = 5*p + 11 - 1, -p = 2*a - 98. Let l = a - -31. What is the tens digit of l?
8
Suppose 55830 = 2*k - 3*z, 14*k = 17*k - 3*z - 83739. What is the tens digit of k?
0
What is the tens digit of -6 - (-8383 + 5/10*6)?
7
Suppose 4 = -6*x + 310. Suppose -5*b + 36 = -2*j + 5*j, 5*b = 2*j + x. Suppose -b*q = -341 - 613. What is the hundreds digit of q?
1
Let w = 41 - 95. What is the tens digit of (-18)/w + 554/3?
8
Let g(z) = 319*z**2 + 441*z + 48. What is the tens digit of g(-7)?
9
Let k(a) = -25*a - 79. Suppose -v - 6 = 19. What is the hundreds digit of k(v)?
5
Suppose 30374 = 3*x - 4*i, 3*i - 10129 = -0*x - x. W